he units digit of f?
7
Let a(v) = -12 - v**3 - 6*v + 14*v**2 - 3*v**3 + 5*v**3 + 9. What is the units digit of a(-14)?
1
Let x = -3160 + 6145. What is the units digit of x?
5
Suppose 2*i = 2*f + 66, -5*i + 71 = -f + 26. Let y be -3*(4 - f/(-9)). What is the units digit of ((-5)/y + -2)*76?
8
Suppose -2*z = -5*c, z - c - 3*c + 3 = 0. Suppose -2*v = -3*v + z. What is the units digit of v*(-5)/(50/(-16))?
8
Suppose -225*n = -215*n - 21510. What is the thousands digit of n?
2
Suppose -14 = 7*t - 49. Suppose -4*v + l = -t*v + 65, 0 = -4*v + l + 260. What is the tens digit of v?
6
Let h = -578 - -2418. What is the units digit of h?
0
Let z be (-1 - -1)*(2 - 1). Suppose -3*y + 0*y + 12 = z. Suppose o = 2*c + 6 + y, -4*o - 8 = 4*c. What is the units digit of o?
2
Suppose 4*v - 108 = 24. Suppose -80 = -v*w + 28*w. What is the tens digit of w?
1
Let j be 4*-446*(-1)/(-8). Let s = -141 - j. Suppose 2*m - s = -4. What is the units digit of m?
9
Let s = -1234 - -2394. What is the thousands digit of s?
1
Suppose -2*v + 4*s + 12 = 0, 7 = 3*v - 3*s - 5. Suppose r + 5 = v*r. Suppose 5*q + 55 = r*t, -2*q = -3*q - 3. What is the units digit of t?
8
Suppose -6*x = -5*x - 22. Suppose -x*t = -17*t - 45. What is the units digit of t?
9
Let y(q) = -61*q - 92. What is the units digit of y(-12)?
0
Suppose 51*z - 44*z = 4599. What is the tens digit of z?
5
What is the units digit of 24/(-20)*2090/(-3)?
6
Let m(y) = 2*y**3 - 5*y**2 + 11*y - 17. What is the hundreds digit of m(7)?
5
Let u be ((-5)/(-20))/((-2)/(-88)). Suppose u*c + 93 = 12*c. What is the tens digit of c?
9
Suppose -n + 8 = 5*o - 4*o, -o + 5*n - 16 = 0. Suppose 80 = 5*a - 5*q, o*a - q = -4*q + 71. What is the tens digit of a?
1
Suppose -b - 1 - 4 = 0, -b = -3*x + 44. What is the tens digit of ((-16)/10)/(x/(-130))?
1
Suppose -6*i = -i. Let w(s) = s**2. Let m(k) = 2*k**2 + 2*k + 77. Let p(f) = m(f) - w(f). What is the units digit of p(i)?
7
Suppose 15*l - 5 = 14*l. Suppose 2*c - 46 = -0*c + l*t, -108 = -4*c + 2*t. What is the units digit of c?
8
Let c(v) = -v**3 - 11*v**2 + 23*v + 51. What is the tens digit of c(-14)?
1
Let r(d) = 193*d - 522. What is the tens digit of r(6)?
3
Suppose -2*z + 430 = q, -5*q + 783 = -3*z - 1432. What is the tens digit of q?
4
Let l(n) = -n**2 - 15*n - 1. Let f be l(-11). Suppose s = 2*d + 18, 3*s - f = -6*d + d. Suppose s = -x + 50. What is the tens digit of x?
3
Let n = 13 - 15. Let w(t) = 3*t**2 + t - 4. What is the units digit of w(n)?
6
Let z = 419 - -405. What is the units digit of z?
4
Let m(r) = -4*r + 9. Suppose 0 = 4*o + 55 - 7. What is the units digit of m(o)?
7
Let y(i) be the third derivative of -3*i**4/8 - 10*i**3/3 + 23*i**2 - 7. Suppose -4*j - 45 = j. What is the units digit of y(j)?
1
Let s(b) = 17*b - 20. Suppose -3*g - 6 + 24 = 0. What is the units digit of s(g)?
2
Let d(n) = -n**3 + 10*n**2 - n - 55. Let a be d(8). Let x(o) = -o**2 - 3. Let h be x(3). Let l = h + a. What is the units digit of l?
3
Let m be 4/(-12)*0 - 4. Let c be m/16 - (-147)/12. Suppose c = -b + 33. What is the units digit of b?
1
Suppose 45*v - 47*v + 5230 = 0. What is the hundreds digit of v?
6
Suppose 15774 = -10*s + 60694. What is the tens digit of s?
9
Let d(i) = 21*i + 5. Let f be d(-2). Let c = f - -63. What is the tens digit of c?
2
Let h(t) = t**3 + 5*t**2 - 8*t - 7. Let p be h(-6). Suppose -p*g + g - 8 = 0. What is the units digit of (g + -1 - -17) + 2?
6
What is the tens digit of -126 + 133 - (1356/(-2) + 0)?
8
Let p(d) = 8*d + 12. Let m be p(-2). What is the tens digit of m/(-22) - (-1)/((-33)/(-1578))?
4
Let b(s) = 18*s**2 + 10*s + 25. What is the units digit of b(-6)?
3
Suppose 7*k + 3 = -4. What is the units digit of (72/(-20))/(-4*k/(-10))?
9
Let f(u) = -6*u**3 + u**2 - u + 3. Let t(o) = 3*o**3 + o - 2. Let s(v) = 3*f(v) + 5*t(v). What is the units digit of s(-3)?
1
Let s be ((-4)/(-6))/((-10)/(-30)). Suppose -m = s*l - 15, -2*l + 9 = -1. Let b = m - -17. What is the tens digit of b?
2
Suppose 2*k = -3*z - 27, 0 = 5*z - 4*k + 2*k + 45. Let l = -8 + 21. What is the tens digit of (11 + z)/(2/l)?
1
Suppose 4*y + 17 = 29. Suppose c + 30 = y*h - 2*h, 5*h + 6 = -c. What is the tens digit of 2*15/(-10) - c?
2
Suppose 0 = -2*t + 5 + 1. Suppose t*y + 4*k = 22, -2*y + 3 = 6*k - k. What is the tens digit of y?
1
Let z(f) = 29*f + 33*f - 1 - 3 + 63*f. Let o be z(-4). What is the units digit of 3/2*o/(-27)?
8
Suppose 0 = -4*w - 4*i + 15124, i + 15129 = 21*w - 17*w. What is the tens digit of w?
8
Let i(u) = 9*u**2 - 15*u + 145. What is the hundreds digit of i(-25)?
1
What is the tens digit of 5 - 21362/(-7 - 4)?
4
Let r = 2207 + -880. What is the hundreds digit of r?
3
Let d be (-489)/(-21) - (-4)/(-14). Suppose -4*m + d = 15. What is the units digit of (-2)/(((-12)/45)/m)?
5
Suppose -4*b = -7*b - 5*y + 224, y - 4 = 0. Suppose 5*u + 9*r = 8*r + b, -5*r = 2*u - 18. What is the units digit of u?
4
Let k(w) = -w - 11*w + 5*w - 2*w**2 - 12. Let n be k(-4). What is the units digit of (-2 + 4/n)*-8?
8
Let x(s) = -s**2 - 4*s - 11. Let l be x(-4). Let v = 33 + l. What is the tens digit of v?
2
Suppose -15*h + 980 - 230 = 0. What is the units digit of h?
0
Let l(o) be the first derivative of -o**4/4 + 17*o**3/3 - 6*o**2 + 38*o - 9. What is the units digit of l(16)?
2
Let n(k) = 8*k - 4. Let a be n(5). Let m = a + -4. What is the units digit of m?
2
Suppose 235 - 683 = -14*a. What is the units digit of a?
2
Suppose -14 = -5*c + 3*c. Suppose c*y - 11*y = -12. What is the units digit of y?
3
Let i = 1 - -17. Let c be (-2)/(-6) + (-402)/i. What is the units digit of c/(-3) + 1/(-3)?
7
Let m = -27 + 16. Let t be (40 - 1)*m/(-33). Let q = t + -4. What is the units digit of q?
9
Let f be (-15)/30 - 33/(-2). What is the tens digit of (53/4)/((5 + -1)/f)?
5
Let m = 16 + -13. Suppose m*h - 4*c = 24, c + 0*c - 1 = -h. Suppose 2*z = -3*z + l + 165, -h*z = 5*l - 161. What is the units digit of z?
4
Let f(d) = 10*d - 1. Let i be f(-10). Let k = -16 - i. What is the tens digit of k?
8
Let w be (-7)/2*20/(-7). Let s be w/(-15) - (-1)/(-3). What is the units digit of (-150)/(-36) - s/(-6)?
4
Suppose -4*u = 3*j - 21, -j - 27 = -6*j - 4*u. Suppose 0 = -p - j*p + 124. What is the units digit of p?
1
Let p(z) = z**3 - 9*z**2 + 5*z + 9. Let f(k) = k**2 - 1. Let w(m) = 2*f(m) - p(m). What is the tens digit of w(9)?
0
Let u be 2 + (-94)/(-2) + -1. Suppose 6*n - n - 5 = 2*k, -25 = -5*k. Suppose n*b = -9 + u. What is the units digit of b?
3
Suppose 370 = x - 3*p, 4*p = 5*x - 6*x + 342. What is the units digit of x?
8
Let g(j) = 11*j**2 + 44*j - 476. What is the thousands digit of g(15)?
2
Let w(i) = 30*i**2 - 3*i - 6. Let g be w(-4). Suppose g = -0*f + 4*f - 2*t, -120 = -f + t. What is the units digit of f?
3
Let c(z) = 7*z**2 - 3*z - 3. Let b be c(-2). Let g be (-27 + 3)/(48/(-64)). Suppose -b*n + g*n = 56. What is the units digit of n?
6
Let l(v) = v**3 - 19*v**2 - 46*v + 50. What is the tens digit of l(23)?
0
Let r(c) = -22*c**3 + 1. Let x(h) = -h**3 + 5*h**2 - 2*h - 4. Let m be x(4). Suppose -3*v - 5*o + 2 = 0, m*v - v - 4*o + 7 = 0. What is the units digit of r(v)?
3
Suppose -36 = -3*v + 3*g, v = 2*g + 7 + 3. Suppose 0*l = -3*l + 9. Suppose 19 = 2*p + l*i, 4*p - i = i + v. What is the units digit of p?
5
Let n = -327 + 790. What is the tens digit of n?
6
Let c(z) = -16*z. Let d(l) = -l + 1. Let r(g) = -g. Let m(o) = -6*d(o) + 5*r(o). Let u be m(2). What is the tens digit of c(u)?
6
Suppose 3*b = 2*f - 2*b - 683, -1008 = -3*f + 2*b. What is the hundreds digit of f?
3
Let i be 4/(-14) - (-16)/7. Let b be 1/((-2)/(-18)) + i. Suppose 3*y = b + 13. What is the units digit of y?
8
Suppose 3*l = 2*l - l. Suppose l = 4*c + 10 + 10, -390 = -5*z + 5*c. What is the units digit of z?
3
Suppose 0 = 2*u - 12*u - 40. What is the tens digit of u/(-3)*(-258)/(-4) - 3?
8
Suppose -15 - 815 = 5*i. What is the hundreds digit of (i/(-6))/(-2 + 13/6)?
1
Suppose -45*o - 15 = -40*o. What is the hundreds digit of (406*-1)/(-5 - o)?
2
Let f(c) = 23*c - 150. Let g be f(9). Suppose -37 = 2*l - 197. Let u = l - g. What is the tens digit of u?
2
Let l = -4 - -8. Let i(j) = -j**3 + 8*j**2 - j + 10. Let a be i(8). Suppose 3*b + a*b - 17 = l*n, -2*b + 8 = -2*n. What is the units digit of b?
1
Let f be 3 + -1 + -3 + 1. Let i(z) = -9*z - 18. Let k